84?
True
Is 5349 a multiple of 3?
True
Is 188387 a multiple of 33?
False
Does 16 divide 6741728?
True
Does 65 divide 50115?
True
Does 11 divide 644768?
False
Does 17 divide 51577?
False
Does 186 divide 30504?
True
Is 36 a factor of 26439?
False
Does 15 divide 97575?
True
Does 42 divide 131336?
False
Is 2985510 a multiple of 249?
True
Is 2099790 a multiple of 99?
True
Does 218 divide 68888?
True
Does 12 divide 4967232?
True
Is 5384511 a multiple of 99?
True
Does 146 divide 405004?
True
Is 48158 a multiple of 3?
False
Is 4 a factor of 4814?
False
Does 96 divide 533677?
False
Is 842790 a multiple of 39?
True
Is 8196048 a multiple of 346?
True
Does 6 divide 24702?
True
Is 16 a factor of 4752368?
True
Is 1014858 a multiple of 3?
True
Is 5112389 a multiple of 2039?
False
Does 813 divide 305688?
True
Does 72 divide 325584?
True
Is 2015459 a multiple of 400?
False
Is 4 a factor of 2035577?
False
Is 3057106 a multiple of 766?
True
Is 222558 a multiple of 6?
True
Is 166 a factor of 160940?
False
Does 20 divide 106592?
False
Does 45 divide 200319?
False
Is 137 a factor of 1855939?
True
Does 12 divide 163643?
False
Is 20904289 a multiple of 1637?
False
Does 78 divide 11536647?
False
Is 540339 a multiple of 56?
False
Does 50 divide 794150?
True
Does 353 divide 86838?
True
Is 18 a factor of 21687327?
False
Is 19 a factor of 111910?
True
Is 1718048 a multiple of 212?
True
Is 28 a factor of 3989965?
False
Does 8 divide 2705434?
False
Does 27 divide 2248344?
True
Is 90700 a multiple of 261?
False
Does 3 divide 871456?
False
Does 41 divide 199799?
False
Does 5 divide 765558?
False
Does 4 divide 1766940?
True
Is 165790 a multiple of 295?
True
Is 8904679 a multiple of 11?
False
Is 1828366 a multiple of 30?
False
Is 23 a factor of 875781?
False
Is 1396749 a multiple of 39?
False
Is 2077791 a multiple of 915?
False
Is 20165 a multiple of 109?
True
Is 10 a factor of 236072?
False
Does 12 divide 411395?
False
Is 4651282 a multiple of 44?
False
Is 13984 a multiple of 16?
True
Is 28260 a multiple of 60?
True
Is 346 a factor of 1977357?
False
Is 670 a factor of 148104?
False
Is 155 a factor of 88350?
True
Does 925 divide 4101450?
True
Does 116 divide 634984?
True
Does 910 divide 3446281?
False
Is 86150 a multiple of 50?
True
Is 40 a factor of 19043080?
True
Is 1598114 a multiple of 7?
True
Is 16 a factor of 1029070?
False
Is 23 a factor of 207196?
False
Is 16 a factor of 7075120?
True
Is 196928 a multiple of 8?
True
Does 4 divide 28104?
True
Is 32 a factor of 1400960?
True
Does 153 divide 9137?
False
Does 15 divide 13422?
False
Is 556110 a multiple of 501?
True
Is 2576461 a multiple of 8?
False
Is 12408 a multiple of 94?
True
Does 298 divide 29502?
True
Is 6101602 a multiple of 109?
True
Does 17 divide 5821960?
False
Is 43963 a multiple of 6?
False
Does 8 divide 7270?
False
Is 452256 a multiple of 6?
True
Is 615 a factor of 3304910?
False
Is 213996 a multiple of 196?
False
Does 324 divide 308772?
True
Does 36 divide 734868?
True
Does 20 divide 124282?
False
Does 17 divide 5509437?
False
Does 465 divide 845370?
True
Does 2 divide 570265?
False
Does 33 divide 863775?
True
Is 19247 a multiple of 24?
False
Is 21 a factor of 1270920?
True
Is 42 a factor of 493374?
True
Does 19 divide 1228315?
False
Does 514 divide 583904?
True
Is 534061 a multiple of 7?
False
Is 53 a factor of 661844?
False
Does 396 divide 1678370?
False
Is 178545 a multiple of 65?
False
Is 7954409 a multiple of 52?
False
Does 43 divide 8189519?
False
Is 1927084 a multiple of 31?
True
Is 149 a factor of 561575?
False
Does 38 divide 154751?
False
Is 38 a factor of 2262216?
True
Does 11 divide 583513?
False
Does 13 divide 175474?
True
Is 2 a factor of 102?
True
Is 14 a factor of 188412?
True
Is 975559 a multiple of 14?
False
Does 193 divide 8840172?
True
Is 425 a factor of 4203438?
False
Does 39 divide 265824?
True
Is 31 a factor of 1923189?
False
Is 3809630 a multiple of 427?
False
Is 26387165 a multiple of 1746?
False
Does 65 divide 2565820?
False
Is 98 a factor of 1219512?
True
Is 9482094 a multiple of 18?
True
Is 20112 a multiple of 24?
True
Is 203921 a multiple of 85?
False
Does 151 divide 1672325?
True
Is 1792004 a multiple of 76?
True
Is 705 a factor of 14611252?
False
Does 235 divide 2737985?
True
Does 181 divide 107695?
True
Is 50 a factor of 41400?
True
Is 5291113 a multiple of 15?
False
Does 11 divide 3516497?
False
Is 9974594 a multiple of 60?
False
Is 2247840 a multiple of 336?
True
Does 2 divide 3245443?
False
Does 16 divide 744236?
False
Does 10 divide 5002290?
True
Does 127 divide 159801?
False
Is 7 a factor of 18249?
True
Is 139 a factor of 44619?
True
Is 28 a factor of 266908?
False
Is 25 a factor of 144200?
True
Is 9 a factor of 901152?
True
Is 261 a factor of 7317690?
False
Does 9 divide 391668?
False
Is 10 a factor of 7586720?
True
Does 6 divide 10935?
False
Is 3 a factor of 21732?
True
Does 615 divide 820295?
False
Does 16 divide 827984?
True
Does 20 divide 8243?
False
Does 113 divide 2943311?
True
Is 12 a factor of 183468?
True
Does 33 divide 31581?
True
Is 918071 a multiple of 44?
False
Is 845826 a multiple of 122?
True
Is 38318 a multiple of 238?
True
Is 1723547 a multiple of 293?
False
Is 53 a factor of 481960?
False
Is 48 a factor of 859584?
True
Does 12 divide 12435972?
True
Does 2 divide 833472?
True
Is 33 a factor of 308682?
True
Does 707 divide 2444206?
False
Is 1493821 a multiple of 59?
True
Is 101104 a multiple of 41?
False
Is 896760 a multiple of 3?
True
Is 36 a factor of 491508?
True
Is 2193428 a multiple of 29?
False
Is 475216 a multiple of 28?
True
Does 14 divide 1412905?
False
Is 66690 a multiple of 39?
True
Does 140 divide 4996089?
False
Is 678 a factor of 408336?
False
Is 89741 a multiple of 4?
False
Is 94622 a multiple of 68?
False
Is 52 a factor of 54107?
False
Does 90 divide 449730?
True
Is 23048558 a multiple of 15?
False
Does 108 divide 178309?
False
Is 494221 a multiple of 24?
False
Is 17 a factor of 4276401?
True
Does 18 divide 18540810?
True
Is 3299839 a multiple of 329?
False
Does 14 divide 150257?
False
Does 9 divide 121923?
True
Is 7 a factor of 492870?
True
Is 17563 a multiple of 7?
True
Is 40656 a multiple of 112?
True
Does 30 divide 48014?
False
Is 615 a factor of 151412?
False
Is 55396 a multiple of 10?
False
Is 8130 a multiple of 3?
True
Is 13 a factor of 300209?
True
Is 645978 a multiple of 302?
True
Does 113 divide 804239?
False
Is 287 a factor of 14691045?
False
Does 23 divide 74739?
False
Is 313 a factor of 14155727?
False
Is 14035645 a multiple of 150?
False
Is 17787 a multiple of 3?
True
Is 357102 a multiple of 306?
True
Does 5 divide 143921?
False
Is 86596 a multiple of 10?
False
Does 26 divide 2086812?
True
Does 239 divide 142922?
True
Is 125 a factor of 326325?
False
Does 9 divide 606942?
True
Is 9222522 a multiple of 170?
False
Is 564121 a multiple of 23?
True
Is 64 a factor of 583867?
False
Is 7498680 a multiple of 372?
False
Is 22 a factor of 110506?
True
Does 213 divide 1570615?
False
Does 17 divide 18874?
False
Does 29 divide 3417099?
True
Is 175 a factor of 125300?
True
Does 10 divide 1380560?
True
Does 511 divide 955570?
True
Does 258 divide 7859454?
True
Is 15442542 a multiple of 1435?
False
Is 85 a factor of 213586?
False
Is 792538 a multiple of 8?
False
Does 7 divide 64673?
True
Is 26 a factor of 467194?
True
Is 408 a factor of 2125680?
True
Does 39 divide 12831?
True
Does 2 divide 31396?
True
Is 296571 a multiple of 209?
True
Is 4118862 a multiple of 102?
True
Is 12 a factor of 828060?
True
Does 30 divide 1062863?
False
Is 39 a factor of 4255719?
True
Does 9 divide 13101?
False
Is 16 a factor of 960506?
False
Does 525 divide 1297275?
True
Is 50 a factor of 3955006?
False
Is 102 a factor of 245103?
False
Is 361 a factor of 1024518?
True
Does 186 divide 2859564?
True
Does 52 divide 317304?
True
Does 73 divide 9721517?
False
Is 15 a factor of 9971235?
True
Does 2 divide 266214?
True
Does 20 divide 758177?
False
Does 61 divide 1246474?
True
Is 11 a factor of 597218?
False
Is 350778 a multiple of 7?
False
Is 430474 a multiple of 23?
False
Is 4019134 a multiple of 14?
True
Does 29 divide 467424?
False
Is 43984 a multiple of 71?
False
Is 654102 a multiple of 27?
True
Does 432 divide 428643?
False
Is 207228 a multiple of 99?
False
Is 140 